j) = 19*j**2 + 10*j + 5. Let x(k) = -k**2 + 8*k + 5. Let t be x(9). Is y(t) a prime number?
True
Suppose -17*v = -20*v - 759. Let u = 488 + v. Is u prime?
False
Suppose 92735 = 5*u + 5*f, 5*u - 92731 = 4*f - 7*f. Is u composite?
True
Let i = -60 - -24. Let u = -112 - i. Let j = 287 + u. Is j prime?
True
Suppose 7*w - 10 - 4 = 0. Suppose -3*q = -3*h + 2424, w*h - 1617 = -3*q + 4*q. Is h a composite number?
False
Let l = -158 + 154. Let j(g) = 103*g**2 - 4*g + 5. Is j(l) a prime number?
True
Let b(w) = -w**3 - 11*w**2 + 12*w - 9. Let v be b(-12). Let j be v/(-1)*382/3. Let z = j - 675. Is z a composite number?
True
Suppose 1259 = -3*z + 2*b, 2*z + 14*b - 19*b + 854 = 0. Suppose -m = -152 - 524. Let v = m + z. Is v prime?
False
Suppose 253 = 5*m + 48. Let b = m - 36. Is 493*b/(-10)*-2 a composite number?
True
Let z be 2*(-1)/(-10) - (-156762)/90. Suppose -10*l = -12*l + z. Is l a composite number?
True
Suppose 2*o - 4*y = 29678, -66571 = -3*o - 2*y - 22038. Is o a composite number?
False
Let m(i) = 914*i**2 + 2*i + 5. Is m(-4) a composite number?
False
Suppose -7 + 198 = q + 5*h, -5*q + 2*h + 1063 = 0. Is q a prime number?
True
Let m(j) = -j**3 + 27*j**2 + 25*j + 44. Is m(23) a composite number?
True
Suppose 2*m - 193 + 73 = 4*i, m = -i + 48. Suppose -c = 5*k - 48 + 184, -2*k - c = m. Is 3/7 + (-2872)/k a prime number?
True
Let f(z) be the second derivative of z**5/10 - 5*z**4/6 + 4*z**3/3 - 7*z**2/2 - z. Is f(6) a composite number?
False
Let b(h) = 102*h - 29. Let i(s) = s**2 + 29*s + 4. Let r be i(-29). Is b(r) composite?
False
Let m be ((-114)/(-9))/(20/(-90)). Let g = m - -116. Is g a prime number?
True
Let a(o) be the third derivative of -11*o**4/3 + o**3/6 - 5*o**2. Let q be a(4). Let r = q + 688. Is r prime?
True
Let v(b) = -507*b**3 + b**2 + 7*b + 3. Is v(-2) prime?
True
Let p(j) = 257*j + 57. Is p(10) a prime number?
False
Let w(f) = -3*f + 21. Let l(i) = -4*i + 21. Let x(u) = 5*l(u) - 6*w(u). Let g be x(-12). Suppose 270 + 399 = g*k. Is k a prime number?
True
Suppose 2*t + 3735 = n - 1688, t + 27151 = 5*n. Is n a composite number?
False
Let o be 3 - -1*1/(-1). Let j(q) = 1 + 3*q**o + 6*q**2 + 2*q + 6*q**2 - 5*q**2. Is j(3) a composite number?
False
Suppose -c + 2*b + 372 = 0, -b - b = -8. Suppose 5*i + p - 953 = 0, 2*i + 3*p = 2*p + c. Is i composite?
False
Suppose -s + 1 = 3*d - 4, 0 = 5*d - 4*s - 14. Let y(w) = 148 + 0*w**2 - 3*w**3 - 126 - w**2 + d*w**3. Is y(0) a prime number?
False
Suppose -x + 2*s = -254, -x - 4*x + 1298 = 4*s. Suppose 1479 = 3*o + x. Is o prime?
False
Let l = 51 - 39. Let a(r) = 18*r - 11. Is a(l) composite?
True
Suppose 2*c - 1226 = -2*f, 615 = c + f + f. Is c a prime number?
False
Suppose 0 = -9*t + 12*t + 6. Is -2 + 1 + t - -62 a composite number?
False
Suppose -1589 + 10929 = 4*b. Suppose 15*s + b = 20*s. Is s a composite number?
False
Let s be 0/(-1)*(-2 + 1). Let m(r) = -3*r - 5*r - 12*r + 23*r + 769. Is m(s) composite?
False
Suppose 3*c - 6284 = c + 2*f, 4*f = 3*c - 9425. Is c prime?
False
Suppose 3*h = 3*t - 1575, 7*t - 3*t - 2068 = -4*h. Is t composite?
False
Let b = 5 - 2. Suppose -5*a + 5 = -3*y, -b*a + 9 - 40 = 5*y. Is ((-161)/a - 3)*2 a composite number?
True
Let x(m) = -716*m. Let h be x(-1). Let k = -451 + h. Is k prime?
False
Suppose -17*l + 0 + 85 = 0. Let y(p) be the third derivative of p**5/20 - p**4/6 - p**3/3 + 2*p**2. Is y(l) composite?
False
Suppose -29 = -8*s + 59. Suppose -6*o - 2495 = -s*o. Is o prime?
True
Let k(g) = -g**3 - 2*g**2 + 2*g - 1. Let v be k(-3). Suppose -p = v*p - 342. Let n = p + 31. Is n a prime number?
False
Suppose 0 = -7*u - 6194 + 629. Let c = u - -1168. Is c composite?
False
Suppose -5*t - 5*k + 1585 = -1000, -3*k - 2617 = -5*t. Is t a composite number?
False
Let u = 7546 - 3403. Is u composite?
True
Let j = 1287 + 3406. Suppose 0 = 5*z + a + 23477, a - 2*a = -z - j. Is z/(-12) + (-3)/12 a composite number?
True
Let q = 733 - -628. Is q a composite number?
False
Suppose -6623 = -4*j + 2949. Is j a composite number?
False
Suppose 0 = -2*k + 5*q + 16421, -3*k + 3*q = -0*q - 24654. Is k prime?
False
Is 4898/(-3)*((-5)/10 + -1) a prime number?
False
Suppose 3*q = -4*q + 13601. Is q prime?
False
Let w = 379 + -265. Suppose k - 1070 = 3*q - w, 0 = -q - 1. Is k a prime number?
True
Let f = 1797 + -1000. Is f a composite number?
False
Let v(k) = 5*k - 21 - 4*k**2 + 4*k**3 - k**3 - 2*k**3 - 28*k. Is v(11) a composite number?
True
Suppose 4*t + 2*p - 20618 = 0, -4*t + 2*p - 25773 = -9*t. Is t a composite number?
True
Suppose 0 = 2*j + 6*p - p - 4517, 4*j - 4*p = 8964. Let y be j/18 - (-8)/36. Let a = -70 + y. Is a composite?
True
Suppose -w - 2*n + 10735 = -24, 42997 = 4*w - 5*n. Is w prime?
True
Let w(b) be the third derivative of -b**6/360 - b**5/15 + b**4/6 - 2*b**3/3 + 4*b**2. Let i(s) be the first derivative of w(s). Is i(-5) a prime number?
True
Let r = -25936 + 41873. Is r prime?
True
Let u(t) = -78*t**2 + 4*t + 1. Let y(w) = 78*w**2 - 4*w - 2. Let o(c) = -3*u(c) - 2*y(c). Is o(3) composite?
False
Let m(y) = 4*y**2 + 28*y + 23. Let n be ((-22)/(-44))/(1/(-24)). Is m(n) a composite number?
False
Let h = -348 + -231. Let n = h - -1318. Is n prime?
True
Let y be 4/(-6) + 2/(-6). Let t be 8 + -1 + y*3. Suppose t*r = -2*u + 2000, u - 4*u = 5*r - 2501. Is r prime?
True
Is (8 + -10 + 9)*(-4197)/(-21) a prime number?
True
Suppose -z = -3 - 16. Let w(r) = -2 + z*r + 2 + 5. Is w(3) prime?
False
Suppose -1304 = -7*s + 5*s. Let d = 2 - -1. Suppose -s = -g - d*g. Is g prime?
True
Let z = 5911 + 21328. Is z composite?
False
Suppose 4*b = o - 1155, -3*b + 600 = -5*b - 4*o. Let f = b + 8. Let v = 533 + f. Is v a composite number?
False
Let g = -501 + 944. Is g prime?
True
Let s be (-4)/12 + 28/3. Suppose -7544 = -s*w + w. Is w a prime number?
False
Suppose -3*u - 22 = -x, -u + 5*u - x + 30 = 0. Let i = 12 + u. Suppose z - 1 + i = 0, 0 = -2*l - 5*z + 59. Is l a composite number?
False
Suppose 3*a - 5074 = -1510. Is (a - (-1 + -2)) + 0 a composite number?
True
Let n = 9196 + -6543. Is n prime?
False
Is -4 + (25624/10 - 9/(-15)) composite?
True
Let z = 1010 - -428. Is z a composite number?
True
Let d be -1 + (-8)/(-16) - 1/(-2). Suppose 8*q + 0*q - 6024 = d. Is q a prime number?
False
Let j = 7446 - -1707. Suppose 0 = 5*g - 2392 - j. Is g a prime number?
True
Let a = 3 + -8. Let k(c) = -5*c**3 + 6*c**2 + 3*c - 3. Is k(a) a prime number?
True
Suppose -12*i = 51 - 15. Is (-6 - -5)/(i/10539) prime?
False
Is 1654 - (-4 + 4 + 0)*-1 a composite number?
True
Is (-1*597)/((-351)/11349) composite?
True
Let t(i) = 53*i**2 - 7*i + 31. Is t(7) prime?
True
Let j(c) = -226*c + 20. Let z be j(-4). Suppose -z = -4*b + 824. Is b prime?
False
Let w(z) = z**2 - z + 2. Let u be w(0). Let y(d) be the third derivative of 11*d**6/60 + d**5/30 + d**4/24 + d**3/6 - 9*d**2. Is y(u) composite?
True
Suppose -5*d + 21 = 4*z, -2*d + 10 = 2*z - 0*d. Suppose z*v = -v + 230. Is v/(-4)*-2*3 a composite number?
True
Let q(r) = 190*r**2 + 17*r - 29. Is q(9) prime?
False
Let s(o) = -2 + 12*o + 5*o**2 + 7*o**2 - 27*o. Suppose -3*x = -x + 5*t - 22, 0 = 2*x + t - 22. Is s(x) a prime number?
False
Let c(i) = -i + 81. Let p be c(0). Let k = -177 + p. Let y = -17 - k. Is y a prime number?
True
Let x be 135/(-10)*(-4)/3. Suppose -2267 = -u + x. Is u a prime number?
False
Suppose -2*f - 4*l + 24 = 0, 4*f - 2*l + 7*l - 36 = 0. Suppose -f*g + 417 = -g. Is g a composite number?
False
Suppose 0*p - 5*v = 2*p - 694, -5*v + 1735 = 5*p. Let s = 522 - p. Suppose 0 = -5*r + 5*c + s, 3*r - 10 = -2*c + 75. Is r a prime number?
True
Let m(t) = t - 12. Let a be m(18). Is (9170/15)/(a/9) a composite number?
True
Let b = -10 + 19. Suppose -4*r = -b*r - 55. Let j(q) = 2*q**2 + 9*q - 14. Is j(r) prime?
False
Let r(u) = u**3 - 13*u**2 - 24*u - 17. Is r(18) a prime number?
True
Let u(c) be the second derivative of 2*c**3/3 + 3*c**2 + 13*c. Is u(2) prime?
False
Let u be 32/6 - (-1)/(-3). Suppose u*c = 1786 + 2229. Is c a prime number?
False
Suppose -6*o - 21 + 3 = 0. Is 13/((-26)/(-684)) + o a composite number?
True
Let y(p) = 5*p + 1. Let a be y(1). Let b be 1/(-2) + (-5)/2 + -3. Is (b/4)/(a/(-12)) composite?
False
Suppose -6*r + 39 + 9 = 0. Suppose 0 = -7*t - 6 - r. Is 111/6 - t/4 prime?
True
Suppose 3*b - j = 2, j - 2 = 2. Let s(n) = 9*n**2 + 2